{"id":18,"date":"2026-04-20T06:25:30","date_gmt":"2026-04-20T06:25:30","guid":{"rendered":"https:\/\/hua.com.mx\/?page_id=18"},"modified":"2026-04-20T07:22:29","modified_gmt":"2026-04-20T07:22:29","slug":"nosotros","status":"publish","type":"page","link":"https:\/\/hua.com.mx\/index.php\/nosotros\/","title":{"rendered":"NOSOTROS"},"content":{"rendered":"<p>[et_pb_section fb_built=\u00bb1&#8243; _builder_version=\u00bb4.27.4&#8243; _module_preset=\u00bbdefault\u00bb global_colors_info=\u00bb{}\u00bb][et_pb_row _builder_version=\u00bb4.27.4&#8243; _module_preset=\u00bbdefault\u00bb global_colors_info=\u00bb{}\u00bb][et_pb_column type=\u00bb4_4&#8243; _builder_version=\u00bb4.27.4&#8243; _module_preset=\u00bbdefault\u00bb global_colors_info=\u00bb{}\u00bb][et_pb_image src=\u00bbhttps:\/\/hua.com.mx\/wp-content\/uploads\/2026\/04\/HUA.fw_.png\u00bb _builder_version=\u00bb4.27.4&#8243; _module_preset=\u00bbdefault\u00bb title_text=\u00bbHUA.fw_\u00bb hover_enabled=\u00bb0&#8243; sticky_enabled=\u00bb0&#8243;][\/et_pb_image][et_pb_heading title=\u00bb\u00bfQue Hacemos?\u00bb _builder_version=\u00bb4.27.4&#8243; _module_preset=\u00bbdefault\u00bb global_colors_info=\u00bb{}\u00bb][\/et_pb_heading][et_pb_text _builder_version=\u00bb4.27.4&#8243; _module_preset=\u00bbdefault\u00bb global_colors_info=\u00bb{}\u00bb]<\/p>\n<p>Ofrecemos soluciones integrales en reparaci\u00f3n automotriz, gesti\u00f3n del siniestro, enfoc\u00e1ndonos en lograr los resultados de manera eficiente y r\u00e1pida.<\/p>\n<p>[\/et_pb_text][et_pb_heading title=\u00bbRecursos\u00bb _builder_version=\u00bb4.27.4&#8243; _module_preset=\u00bbdefault\u00bb global_colors_info=\u00bb{}\u00bb][\/et_pb_heading][et_pb_text _builder_version=\u00bb4.27.4&#8243; _module_preset=\u00bbdefault\u00bb global_colors_info=\u00bb{}\u00bb]<\/p>\n<p>Disponemos de nuestra sucursal estrat\u00e9gicamente ubicada de la Ciudad de Monclova, Coahuila para poder atender las necesidades de reparaci\u00f3n de nuestros clientes, asi como t\u00e9cnicos expertos en reparaci\u00f3n mediante el sistema de varillaje ubicados en las Ciudades de Monterrey, Guadalajara y Puebla.<\/p>\n<p>[\/et_pb_text][et_pb_heading title=\u00bbPartners\u00bb _builder_version=\u00bb4.27.4&#8243; _module_preset=\u00bbdefault\u00bb global_colors_info=\u00bb{}\u00bb][\/et_pb_heading][\/et_pb_column][\/et_pb_row][\/et_pb_section]<\/p>\n","protected":false},"excerpt":{"rendered":"<p>Ofrecemos soluciones integrales en reparaci\u00f3n automotriz, gesti\u00f3n del siniestro, enfoc\u00e1ndonos en lograr los resultados de manera eficiente y r\u00e1pida.Disponemos de nuestra sucursal estrat\u00e9gicamente ubicada de la Ciudad de Monclova, Coahuila para poder atender las necesidades de reparaci\u00f3n de nuestros clientes, asi como t\u00e9cnicos expertos en reparaci\u00f3n mediante el sistema de varillaje ubicados en las Ciudades [&hellip;]<\/p>\n","protected":false},"author":1,"featured_media":0,"parent":0,"menu_order":0,"comment_status":"closed","ping_status":"closed","template":"","meta":{"_et_pb_use_builder":"on","_et_pb_old_content":"","_et_gb_content_width":"","footnotes":""},"class_list":["post-18","page","type-page","status-publish","hentry"],"_links":{"self":[{"href":"https:\/\/hua.com.mx\/index.php\/wp-json\/wp\/v2\/pages\/18","targetHints":{"allow":["GET"]}}],"collection":[{"href":"https:\/\/hua.com.mx\/index.php\/wp-json\/wp\/v2\/pages"}],"about":[{"href":"https:\/\/hua.com.mx\/index.php\/wp-json\/wp\/v2\/types\/page"}],"author":[{"embeddable":true,"href":"https:\/\/hua.com.mx\/index.php\/wp-json\/wp\/v2\/users\/1"}],"replies":[{"embeddable":true,"href":"https:\/\/hua.com.mx\/index.php\/wp-json\/wp\/v2\/comments?post=18"}],"version-history":[{"count":4,"href":"https:\/\/hua.com.mx\/index.php\/wp-json\/wp\/v2\/pages\/18\/revisions"}],"predecessor-version":[{"id":80,"href":"https:\/\/hua.com.mx\/index.php\/wp-json\/wp\/v2\/pages\/18\/revisions\/80"}],"wp:attachment":[{"href":"https:\/\/hua.com.mx\/index.php\/wp-json\/wp\/v2\/media?parent=18"}],"curies":[{"name":"wp","href":"https:\/\/api.w.org\/{rel}","templated":true}]}}